he ten thousands digit of 585857?
8
What is the hundred thousands digit of 5806941?
8
What is the hundred thousands digit of 3033671?
0
What is the units digit of 10874465?
5
What is the ten millions digit of 15380092?
1
What is the units digit of 361772?
2
What is the thousands digit of 158628?
8
What is the units digit of 1253285?
5
What is the ten thousands digit of 3537147?
3
What is the hundred thousands digit of 10492175?
4
What is the tens digit of 139585?
8
What is the units digit of 562888?
8
What is the hundreds digit of 630266?
2
What is the units digit of 48928?
8
What is the thousands digit of 913900?
3
What is the ten thousands digit of 25701?
2
What is the hundreds digit of 6462720?
7
What is the hundred thousands digit of 208064?
2
What is the thousands digit of 300715?
0
What is the units digit of 443146?
6
What is the units digit of 104465?
5
What is the millions digit of 11923839?
1
What is the hundred thousands digit of 6723715?
7
What is the hundred thousands digit of 17224879?
2
What is the units digit of 2328588?
8
What is the hundred thousands digit of 708710?
7
What is the tens digit of 7146200?
0
What is the hundreds digit of 1213662?
6
What is the thousands digit of 2198756?
8
What is the hundred thousands digit of 602180?
6
What is the hundred thousands digit of 490742?
4
What is the units digit of 15135913?
3
What is the hundreds digit of 597380?
3
What is the tens digit of 1092488?
8
What is the units digit of 600464?
4
What is the tens digit of 352456?
5
What is the tens digit of 4004437?
3
What is the tens digit of 190039?
3
What is the thousands digit of 890624?
0
What is the units digit of 83960?
0
What is the tens digit of 1370104?
0
What is the hundred thousands digit of 190155?
1
What is the tens digit of 222322?
2
What is the ten thousands digit of 159376?
5
What is the tens digit of 794700?
0
What is the thousands digit of 789309?
9
What is the units digit of 32814?
4
What is the ten thousands digit of 21102781?
0
What is the ten thousands digit of 2603308?
0
What is the ten thousands digit of 2541139?
4
What is the units digit of 1629668?
8
What is the hundreds digit of 3796285?
2
What is the ten thousands digit of 302813?
0
What is the tens digit of 64172?
7
What is the hundred thousands digit of 5932313?
9
What is the ten thousands digit of 1955488?
5
What is the tens digit of 7518663?
6
What is the units digit of 7502896?
6
What is the thousands digit of 23952748?
2
What is the units digit of 62555?
5
What is the ten thousands digit of 3578843?
7
What is the hundreds digit of 238895?
8
What is the ten thousands digit of 1426983?
2
What is the thousands digit of 192583?
2
What is the tens digit of 569826?
2
What is the thousands digit of 419023?
9
What is the tens digit of 957995?
9
What is the thousands digit of 15560020?
0
What is the units digit of 125940?
0
What is the ten thousands digit of 608107?
0
What is the thousands digit of 17483529?
3
What is the units digit of 1562478?
8
What is the thousands digit of 5870878?
0
What is the tens digit of 3184342?
4
What is the units digit of 47224?
4
What is the hundreds digit of 37933?
9
What is the millions digit of 5030058?
5
What is the hundreds digit of 66759?
7
What is the thousands digit of 5297259?
7
What is the tens digit of 7524205?
0
What is the tens digit of 13819972?
7
What is the ten thousands digit of 14530?
1
What is the units digit of 297601?
1
What is the units digit of 53294?
4
What is the tens digit of 969235?
3
What is the millions digit of 34100614?
4
What is the hundreds digit of 3093596?
5
What is the tens digit of 611562?
6
What is the units digit of 40850?
0
What is the hundreds digit of 903683?
6
What is the thousands digit of 2261849?
1
What is the hundreds digit of 44444?
4
What is the tens digit of 132595?
9
What is the hundred thousands digit of 4358391?
3
What is the tens digit of 1326848?
4
What is the tens digit of 18833?
3
What is the hundreds digit of 40617837?
8
What is the units digit of 73423?
3
What is the tens digit of 328388?
8
What is the hundreds digit of 968578?
5
What is the millions digit of 5528808?
5
What is the millions digit of 2303147?
2
What is the ten thousands digit of 29904643?
0
What is the tens digit of 1517215?
1
What is the tens digit of 11007054?
5
What is the hundred thousands digit of 1272137?
2
What is the thousands digit of 204154?
4
What is the units digit of 394090?
0
What is the ten thousands digit of 2196841?
9
What is the ten thousands digit of 6538173?
3
What is the hundred thousands digit of 371333?
3
What is the hundred thousands digit of 166316?
1
What is the hundreds digit of 1910290?
2
What is the tens digit of 2732349?
4
What is the hundreds digit of 27914022?
0
What is the ten thousands digit of 470886?
7
What is the tens digit of 1152052?
5
What is the hundred thousands digit of 508262?
5
What is the hundreds digit of 1028103?
1
What is the units digit of 3652285?
5
What is the ten millions digit of 15094552?
1
What is the thousands digit of 105786?
5
What is the thousands digit of 4643549?
3
What is the thousands digit of 301623?
1
What is the hundreds digit of 75034?
0
What is the tens digit of 3694340?
4
What is the units digit of 449156?
6
What is the hundred thousands digit of 740830?
7
What is the hundreds digit of 331224?
2
What is the tens digit of 966545?
4
What is the units digit of 2370527?
7
What is the ten millions digit of 29122691?
2
What is the millions digit of 10169397?
0
What is the thousands digit of 826963?
6
What is the hundreds digit of 626653?
6
What is the units digit of 3118481?
1
What is the units digit of 1973719?
9
What is the ten thousands digit of 195358?
9
What is the thousands digit of 25094?
5
What is the hundred thousands digit of 1878878?
8
What is the hundred thousands digit of 280393?
2
What is the ten thousands digit of 22900928?
0
What is the units digit of 689152?
2
What is the hundred thousands digit of 149319?
1
What is the tens digit of 243985?
8
What is the millions digit of 14206820?
4
What is the hundreds digit of 3814732?
7
What is the ten thousands digit of 67617?
6
What is the thousands digit of 124412?
4
What is the units digit of 2926126?
6
What is the hundreds digit of 4045330?
3
What is the hundreds digit of 60351?
3
What is the hundred thousands digit of 1261315?
2
What is the units digit of 368538?
8
What is the ten thousands digit of 14548814?
4
What is the thousands digit of 254401?
4
What is the ten thousands digit of 488286?
8
What is the units digit of 7985203?
3
What is the ten thousands digit of 16713591?
1
What is the thousands digit of 958801?
8
What is the units digit of 11843936?
6
What is the millions digit of 1322324?
1
What is the hundred thousands digit of 335145?
3
What is the thousands digit of 998428?
8
What is the ten thousands digit of 1049016?
4
What is the hundreds digit of 149860?
8
What is the hundreds digit of 2377606?
6
What is the thousands digit of 21427060?
7
What is the thousands digit of 250856?
0
What is the thousands digit of 2874074?
4
What is the hundreds digit of 981168?
1
What is the hundreds digit of 7456242?
2
What is the hundreds digit of 31424833?
8
What is the units digit of 11413694?
4
What is the hundred thousands digit of 406745?
4
What is the tens digit of 5041319?
1
What is the thousands digit of 2757228?
7
What is the hundreds digit of 4272772?
7
What is the ten thousands digit of 166831?
6
What is the millions digit of 6526057?
6
What is the hundred thousands digit of 3043335?
0
What is the hundreds digit of 20805?
8
What is the millions digit of 1491327?
1
What is the thousands digit of 225145?
5
What is the hundred thousands digit of 8915377?
9
What is the ten thousands digit of 122375?
2
What is the tens digit of 22630460?
6
What is the ten thousands digit of 660150?
6
What is the ten millions digit of 26496138?
2
What is the ten thousands digit of 2792067?
9
What is the hundred thousands digit of 1027997?
0
What is the hundred thousands digit of 1470888?
4
What is the ten thousands digit of 526292?
2
What is the tens digit of 86600?
0
What is the thousands digit of 7710657?
0
What is the ten thousands digit of 9296711?
9
What is the hundred thousands digit of 172209